{"id":190,"date":"2018-12-14T12:14:15","date_gmt":"2018-12-14T11:14:15","guid":{"rendered":"http:\/\/theatre-pieces-detachees.org\/?page_id=190"},"modified":"2019-10-10T18:35:59","modified_gmt":"2019-10-10T16:35:59","slug":"2018-2019-des-mots-demo-toujours-des-mots-2","status":"publish","type":"page","link":"https:\/\/theatre-pieces-detachees.org\/?page_id=190","title":{"rendered":"2018 &#8211; 2019     Des Mots, D\u00e9mo, toujours des Mots"},"content":{"rendered":"<h2 style=\"text-align: center;\"><strong>Future repr\u00e9sentation le samedi 23 novembre 2019<\/strong><\/h2>\n<h2 style=\"text-align: center;\"><strong> salle Pergaud Laxou village \u00e0 20 h 30<\/strong><\/h2>\n<h2 style=\"text-align: center;\"><strong>\u00a0 \u00a0\u00a0 Au profit de l&#8217;association Secours Populaire <img loading=\"lazy\" decoding=\"async\" class=\"wp-image-1409 size-thumbnail aligncenter\" src=\"https:\/\/theatre-pieces-detachees.org\/wp-content\/uploads\/2019\/10\/Logo-SPF-26x26@300-150x150.jpg\" alt=\"\" width=\"150\" height=\"150\" srcset=\"https:\/\/theatre-pieces-detachees.org\/wp-content\/uploads\/2019\/10\/Logo-SPF-26x26@300-150x150.jpg 150w, https:\/\/theatre-pieces-detachees.org\/wp-content\/uploads\/2019\/10\/Logo-SPF-26x26@300-300x300.jpg 300w, https:\/\/theatre-pieces-detachees.org\/wp-content\/uploads\/2019\/10\/Logo-SPF-26x26@300-1024x1024.jpg 1024w\" sizes=\"auto, (max-width: 150px) 100vw, 150px\" \/> \u00a0 \u00a0 \u00a0\u00a0 <\/strong><strong>R\u00e9servation en ligne ci contre \u00e0 droite &#8212;&#8211;&gt;<br \/>\no<\/strong><strong>u par t\u00e9l\u00e9phone au 06 13 76 03 06<\/strong><\/h2>\n<p>&nbsp;<\/p>\n<p><img loading=\"lazy\" decoding=\"async\" class=\"alignleft wp-image-329\" src=\"https:\/\/theatre-pieces-detachees.org\/wp-content\/uploads\/2018\/12\/des-mots-demo-toujours-des-mots-1.jpg\" alt=\"\" width=\"485\" height=\"670\" srcset=\"https:\/\/theatre-pieces-detachees.org\/wp-content\/uploads\/2018\/12\/des-mots-demo-toujours-des-mots-1.jpg 599w, https:\/\/theatre-pieces-detachees.org\/wp-content\/uploads\/2018\/12\/des-mots-demo-toujours-des-mots-1-217x300.jpg 217w\" sizes=\"auto, (max-width: 485px) 100vw, 485px\" \/><\/p>\n<p><span style=\"color: #0000ff;\"><strong>Vo<span style=\"color: #0000ff;\">yage \u00e0 travers l\u2019histoire sur des id\u00e9es de<\/span><\/strong><\/span><br \/>\n<span style=\"color: #0000ff;\"><strong><span style=\"color: #0000ff;\">Jean Pa<\/span>ul Al\u00e8gre, Moli\u00e8re, Jean Tardieu et Jean Yanne<\/strong><\/span><\/p>\n<p>&nbsp;<\/p>\n<p>Mise en sc\u00e8ne : Anne DECAUX<br \/>\nD\u00e9cors : Gilles RAVEAU et Christophe VIANT<br \/>\nMaquillage : Elisabeth RAVEAU<br \/>\nCostumes : Elisabeth LAURENT et Elisabeth RAVEAU<br \/>\nMusiciens : Joseph BUGADA et Jean Maurice PINCHARD<br \/>\nEclairage Son : Jean-Marie CARREAU, Patricia DAMOTTE et Jean-Marie LAURENT<\/p>\n<p>&nbsp;<\/p>\n<p><span style=\"color: #0000ff;\"><strong>Un voyage historique de la Rome Antique \u00e0 nos jours \u2026<\/strong><\/span><br \/>\n<span style=\"color: #0000ff;\"><strong>Le langage est notre v\u00e9hicule, bienvenue \u00e0 bord et bonne route\u2026<\/strong><\/span><\/p>\n<p>Muriel ARSON : Flicum et Irma<br \/>\nJocelyne BERNARD : Madame A<br \/>\nDanielle BUGADA : Madame de Perleminouze et l\u2019invit\u00e9e<br \/>\nJacky FRONT : Monsieur Jourdain et le pr\u00e9sentateur<br \/>\nElisabeth LAURENT : Madame et la traductrice<br \/>\nOlivier NICLOUX : Ben-Hur et le gar\u00e7on<br \/>\nGilles RAVEAU : Messala et Monsieur de Perleminouze<br \/>\nChristophe VIANT : Le maitre de philosophie et Monsieur B<\/p>\n","protected":false},"excerpt":{"rendered":"<p>Future repr\u00e9sentation le samedi 23 novembre 2019 salle Pergaud Laxou village \u00e0 20 h 30 \u00a0 \u00a0\u00a0 Au profit de l&#8217;association Secours Populaire \u00a0 \u00a0 \u00a0\u00a0 R\u00e9servation en ligne ci contre \u00e0 droite &#8212;&#8211;&gt; ou par t\u00e9l\u00e9phone au 06 13 76 03 06 &nbsp; Voyage \u00e0 travers l\u2019histoire sur des id\u00e9es de Jean Paul Al\u00e8gre,&hellip;<\/p>\n","protected":false},"author":4,"featured_media":0,"parent":1088,"menu_order":1,"comment_status":"closed","ping_status":"closed","template":"","meta":{"footnotes":""},"class_list":["post-190","page","type-page","status-publish","hentry"],"yoast_head":"<!-- This site is optimized with the Yoast SEO plugin v27.4 - https:\/\/yoast.com\/product\/yoast-seo-wordpress\/ -->\n<title>2018 - 2019   Des Mots, D\u00e9mo, toujours des Mots - Pi\u00e8ces d\u00e9tach\u00e9es<\/title>\n<meta name=\"robots\" content=\"index, follow, max-snippet:-1, max-image-preview:large, max-video-preview:-1\" \/>\n<link rel=\"canonical\" href=\"https:\/\/theatre-pieces-detachees.org\/?page_id=190\" \/>\n<meta property=\"og:locale\" content=\"fr_FR\" \/>\n<meta property=\"og:type\" content=\"article\" \/>\n<meta property=\"og:title\" content=\"2018 - 2019   Des Mots, D\u00e9mo, toujours des Mots - Pi\u00e8ces d\u00e9tach\u00e9es\" \/>\n<meta property=\"og:description\" content=\"Future repr\u00e9sentation le samedi 23 novembre 2019 salle Pergaud Laxou village \u00e0 20 h 30 \u00a0 \u00a0\u00a0 Au profit de l&#8217;association Secours Populaire \u00a0 \u00a0 \u00a0\u00a0 R\u00e9servation en ligne ci contre \u00e0 droite &#8212;&#8211;&gt; ou par t\u00e9l\u00e9phone au 06 13 76 03 06 &nbsp; Voyage \u00e0 travers l\u2019histoire sur des id\u00e9es de Jean Paul Al\u00e8gre,&hellip;\" \/>\n<meta property=\"og:url\" content=\"https:\/\/theatre-pieces-detachees.org\/?page_id=190\" \/>\n<meta property=\"og:site_name\" content=\"Pi\u00e8ces d\u00e9tach\u00e9es\" \/>\n<meta property=\"article:modified_time\" content=\"2019-10-10T16:35:59+00:00\" \/>\n<meta property=\"og:image\" content=\"https:\/\/theatre-pieces-detachees.org\/wp-content\/uploads\/2019\/10\/Logo-SPF-26x26@300-150x150.jpg\" \/>\n<meta name=\"twitter:card\" content=\"summary_large_image\" \/>\n<meta name=\"twitter:label1\" content=\"Dur\u00e9e de lecture estim\u00e9e\" \/>\n\t<meta name=\"twitter:data1\" content=\"1 minute\" \/>\n<script type=\"application\/ld+json\" class=\"yoast-schema-graph\">{\"@context\":\"https:\\\/\\\/schema.org\",\"@graph\":[{\"@type\":\"WebPage\",\"@id\":\"https:\\\/\\\/theatre-pieces-detachees.org\\\/?page_id=190\",\"url\":\"https:\\\/\\\/theatre-pieces-detachees.org\\\/?page_id=190\",\"name\":\"2018 - 2019 Des Mots, D\u00e9mo, toujours des Mots - Pi\u00e8ces d\u00e9tach\u00e9es\",\"isPartOf\":{\"@id\":\"https:\\\/\\\/theatre-pieces-detachees.org\\\/#website\"},\"primaryImageOfPage\":{\"@id\":\"https:\\\/\\\/theatre-pieces-detachees.org\\\/?page_id=190#primaryimage\"},\"image\":{\"@id\":\"https:\\\/\\\/theatre-pieces-detachees.org\\\/?page_id=190#primaryimage\"},\"thumbnailUrl\":\"https:\\\/\\\/theatre-pieces-detachees.org\\\/wp-content\\\/uploads\\\/2019\\\/10\\\/Logo-SPF-26x26@300-150x150.jpg\",\"datePublished\":\"2018-12-14T11:14:15+00:00\",\"dateModified\":\"2019-10-10T16:35:59+00:00\",\"breadcrumb\":{\"@id\":\"https:\\\/\\\/theatre-pieces-detachees.org\\\/?page_id=190#breadcrumb\"},\"inLanguage\":\"fr-FR\",\"potentialAction\":[{\"@type\":\"ReadAction\",\"target\":[\"https:\\\/\\\/theatre-pieces-detachees.org\\\/?page_id=190\"]}]},{\"@type\":\"ImageObject\",\"inLanguage\":\"fr-FR\",\"@id\":\"https:\\\/\\\/theatre-pieces-detachees.org\\\/?page_id=190#primaryimage\",\"url\":\"https:\\\/\\\/theatre-pieces-detachees.org\\\/wp-content\\\/uploads\\\/2019\\\/10\\\/Logo-SPF-26x26@300.jpg\",\"contentUrl\":\"https:\\\/\\\/theatre-pieces-detachees.org\\\/wp-content\\\/uploads\\\/2019\\\/10\\\/Logo-SPF-26x26@300.jpg\",\"width\":3071,\"height\":3071},{\"@type\":\"BreadcrumbList\",\"@id\":\"https:\\\/\\\/theatre-pieces-detachees.org\\\/?page_id=190#breadcrumb\",\"itemListElement\":[{\"@type\":\"ListItem\",\"position\":1,\"name\":\"Accueil\",\"item\":\"https:\\\/\\\/theatre-pieces-detachees.org\\\/\"},{\"@type\":\"ListItem\",\"position\":2,\"name\":\"A l&#8217;affiche\",\"item\":\"https:\\\/\\\/theatre-pieces-detachees.org\\\/?page_id=1088\"},{\"@type\":\"ListItem\",\"position\":3,\"name\":\"2018 &#8211; 2019 Des Mots, D\u00e9mo, toujours des Mots\"}]},{\"@type\":\"WebSite\",\"@id\":\"https:\\\/\\\/theatre-pieces-detachees.org\\\/#website\",\"url\":\"https:\\\/\\\/theatre-pieces-detachees.org\\\/\",\"name\":\"Pi\u00e8ces d\u00e9tach\u00e9es\",\"description\":\"troupe de th\u00e9\u00e2tre laxovienne\",\"potentialAction\":[{\"@type\":\"SearchAction\",\"target\":{\"@type\":\"EntryPoint\",\"urlTemplate\":\"https:\\\/\\\/theatre-pieces-detachees.org\\\/?s={search_term_string}\"},\"query-input\":{\"@type\":\"PropertyValueSpecification\",\"valueRequired\":true,\"valueName\":\"search_term_string\"}}],\"inLanguage\":\"fr-FR\"}]}<\/script>\n<!-- \/ Yoast SEO plugin. -->","yoast_head_json":{"title":"2018 - 2019   Des Mots, D\u00e9mo, toujours des Mots - Pi\u00e8ces d\u00e9tach\u00e9es","robots":{"index":"index","follow":"follow","max-snippet":"max-snippet:-1","max-image-preview":"max-image-preview:large","max-video-preview":"max-video-preview:-1"},"canonical":"https:\/\/theatre-pieces-detachees.org\/?page_id=190","og_locale":"fr_FR","og_type":"article","og_title":"2018 - 2019   Des Mots, D\u00e9mo, toujours des Mots - Pi\u00e8ces d\u00e9tach\u00e9es","og_description":"Future repr\u00e9sentation le samedi 23 novembre 2019 salle Pergaud Laxou village \u00e0 20 h 30 \u00a0 \u00a0\u00a0 Au profit de l&#8217;association Secours Populaire \u00a0 \u00a0 \u00a0\u00a0 R\u00e9servation en ligne ci contre \u00e0 droite &#8212;&#8211;&gt; ou par t\u00e9l\u00e9phone au 06 13 76 03 06 &nbsp; Voyage \u00e0 travers l\u2019histoire sur des id\u00e9es de Jean Paul Al\u00e8gre,&hellip;","og_url":"https:\/\/theatre-pieces-detachees.org\/?page_id=190","og_site_name":"Pi\u00e8ces d\u00e9tach\u00e9es","article_modified_time":"2019-10-10T16:35:59+00:00","og_image":[{"url":"https:\/\/theatre-pieces-detachees.org\/wp-content\/uploads\/2019\/10\/Logo-SPF-26x26@300-150x150.jpg","type":"","width":"","height":""}],"twitter_card":"summary_large_image","twitter_misc":{"Dur\u00e9e de lecture estim\u00e9e":"1 minute"},"schema":{"@context":"https:\/\/schema.org","@graph":[{"@type":"WebPage","@id":"https:\/\/theatre-pieces-detachees.org\/?page_id=190","url":"https:\/\/theatre-pieces-detachees.org\/?page_id=190","name":"2018 - 2019 Des Mots, D\u00e9mo, toujours des Mots - Pi\u00e8ces d\u00e9tach\u00e9es","isPartOf":{"@id":"https:\/\/theatre-pieces-detachees.org\/#website"},"primaryImageOfPage":{"@id":"https:\/\/theatre-pieces-detachees.org\/?page_id=190#primaryimage"},"image":{"@id":"https:\/\/theatre-pieces-detachees.org\/?page_id=190#primaryimage"},"thumbnailUrl":"https:\/\/theatre-pieces-detachees.org\/wp-content\/uploads\/2019\/10\/Logo-SPF-26x26@300-150x150.jpg","datePublished":"2018-12-14T11:14:15+00:00","dateModified":"2019-10-10T16:35:59+00:00","breadcrumb":{"@id":"https:\/\/theatre-pieces-detachees.org\/?page_id=190#breadcrumb"},"inLanguage":"fr-FR","potentialAction":[{"@type":"ReadAction","target":["https:\/\/theatre-pieces-detachees.org\/?page_id=190"]}]},{"@type":"ImageObject","inLanguage":"fr-FR","@id":"https:\/\/theatre-pieces-detachees.org\/?page_id=190#primaryimage","url":"https:\/\/theatre-pieces-detachees.org\/wp-content\/uploads\/2019\/10\/Logo-SPF-26x26@300.jpg","contentUrl":"https:\/\/theatre-pieces-detachees.org\/wp-content\/uploads\/2019\/10\/Logo-SPF-26x26@300.jpg","width":3071,"height":3071},{"@type":"BreadcrumbList","@id":"https:\/\/theatre-pieces-detachees.org\/?page_id=190#breadcrumb","itemListElement":[{"@type":"ListItem","position":1,"name":"Accueil","item":"https:\/\/theatre-pieces-detachees.org\/"},{"@type":"ListItem","position":2,"name":"A l&#8217;affiche","item":"https:\/\/theatre-pieces-detachees.org\/?page_id=1088"},{"@type":"ListItem","position":3,"name":"2018 &#8211; 2019 Des Mots, D\u00e9mo, toujours des Mots"}]},{"@type":"WebSite","@id":"https:\/\/theatre-pieces-detachees.org\/#website","url":"https:\/\/theatre-pieces-detachees.org\/","name":"Pi\u00e8ces d\u00e9tach\u00e9es","description":"troupe de th\u00e9\u00e2tre laxovienne","potentialAction":[{"@type":"SearchAction","target":{"@type":"EntryPoint","urlTemplate":"https:\/\/theatre-pieces-detachees.org\/?s={search_term_string}"},"query-input":{"@type":"PropertyValueSpecification","valueRequired":true,"valueName":"search_term_string"}}],"inLanguage":"fr-FR"}]}},"_links":{"self":[{"href":"https:\/\/theatre-pieces-detachees.org\/index.php?rest_route=\/wp\/v2\/pages\/190","targetHints":{"allow":["GET"]}}],"collection":[{"href":"https:\/\/theatre-pieces-detachees.org\/index.php?rest_route=\/wp\/v2\/pages"}],"about":[{"href":"https:\/\/theatre-pieces-detachees.org\/index.php?rest_route=\/wp\/v2\/types\/page"}],"author":[{"embeddable":true,"href":"https:\/\/theatre-pieces-detachees.org\/index.php?rest_route=\/wp\/v2\/users\/4"}],"replies":[{"embeddable":true,"href":"https:\/\/theatre-pieces-detachees.org\/index.php?rest_route=%2Fwp%2Fv2%2Fcomments&post=190"}],"version-history":[{"count":27,"href":"https:\/\/theatre-pieces-detachees.org\/index.php?rest_route=\/wp\/v2\/pages\/190\/revisions"}],"predecessor-version":[{"id":1410,"href":"https:\/\/theatre-pieces-detachees.org\/index.php?rest_route=\/wp\/v2\/pages\/190\/revisions\/1410"}],"up":[{"embeddable":true,"href":"https:\/\/theatre-pieces-detachees.org\/index.php?rest_route=\/wp\/v2\/pages\/1088"}],"wp:attachment":[{"href":"https:\/\/theatre-pieces-detachees.org\/index.php?rest_route=%2Fwp%2Fv2%2Fmedia&parent=190"}],"curies":[{"name":"wp","href":"https:\/\/api.w.org\/{rel}","templated":true}]}}